 is divided by o?
12
What is the remainder when ((-16)/392*21)/(2/(-126)) is divided by 8?
6
Suppose 0 = 7*f - 15*f + 168. Suppose 4*u = -40 + 288. Calculate the remainder when u is divided by f.
20
Let d(m) = -12*m + 1. Calculate the remainder when d(-3) is divided by 14.
9
Calculate the remainder when 24 is divided by -2*(20/(-12))/(4/12).
4
What is the remainder when 6192/(-32)*6/(-9) is divided by 11?
8
Let g be 475/20 - 1/(-4). Suppose -h = 2*h - g. Let k(m) = m**2 - 3*m - 4. Calculate the remainder when k(6) is divided by h.
6
Let x be (1/2)/(3/18). Let q be x/(-2)*(-8)/(-6). What is the remainder when 50 is divided by 265/15 + q/3?
16
Let j = 85 + -52. Let n = 20 - -16. Suppose -68 = 32*r - n*r. What is the remainder when j is divided by r?
16
Suppose 118 = 4*r - 82. Suppose 0 = 2*q - 0 - 2. Calculate the remainder when r is divided by 158/6 + (6/9 - q).
24
Let y be 149 + (-12*1)/3. Suppose y + 5 = 2*w. Calculate the remainder when w is divided by 39.
36
Let o(j) = -7*j**2 + 6*j**2 + j**3 - j + 44 + 0*j**2 + 0*j**3. Suppose -4*x = -2*x - 18. What is the remainder when o(0) is divided by x?
8
Let f be 0*(-2 - -2 - -1). Suppose -5*a + 2*s = -194, 4*a + a - 3*s - 196 = f. What is the remainder when a is divided by 20?
18
Let f(w) = 31*w - 77. What is the remainder when f(9) is divided by ((-68)/(-8))/((-1)/(-2))*3?
49
Let s(k) = -k + 13. Calculate the remainder when (35 - 8 - 1) + -6 is divided by s(6).
6
What is the remainder when 159 is divided by (5/(10/(-9)))/(9/(-114))?
45
Let d(i) = 3*i**2 - 4*i - 44. What is the remainder when d(7) is divided by 13?
10
Suppose 2*l - 10 = 0, -5*a + 48 = -3*l + 8. Suppose -a*i + 346 = 38. Calculate the remainder when 47 is divided by i.
19
Let j = -34 - -16. Let l = j - -36. Calculate the remainder when 85 is divided by l.
13
Let u(j) = -2*j**2 + 4*j + 4. Suppose 5*r - 7 = -a, 2*a = -0*a - 3*r. Let m be u(a). Calculate the remainder when 25 is divided by 2/(-13) - 238/m.
7
Suppose 5*r + 10 = 0, -r + 111 = 3*b + 2*r. Calculate the remainder when b is divided by 15.
9
Suppose t + 3*m - 18 = 0, -2*m + 4 + 2 = 0. Suppose 0 = x - 4*x - 3. What is the remainder when 2*(-66)/4*x is divided by t?
6
What is the remainder when 51240/42 - (-10 + 1) is divided by 22?
19
Calculate the remainder when (-24)/54*(-282)/8*3 is divided by 22.
3
Suppose -5*n = -5 - 10. Suppose 0 = n*s + 12, 4*s + 49 + 175 = 4*m. Calculate the remainder when m is divided by 14.
10
Let w = 10 + -6. Suppose -w*x + 0*x - 5*c = 39, 0 = 5*x - 4*c + 59. Let b = -5 - x. Calculate the remainder when 10 is divided by b.
4
What is the remainder when 153 is divided by (-11 + 216/40)/(2/(-5))?
13
Let k = -2 + 80. What is the remainder when k is divided by 21?
15
Suppose 0 = 638*t - 635*t - 159. What is the remainder when 100 is divided by t?
47
Calculate the remainder when 421 is divided by (-2 + -3 - -7) + (2 - -43).
45
Suppose -209*t = -203*t - 186. Calculate the remainder when t is divided by 8.
7
Let f(h) = 5 + 34*h + 3 + 8 - 26*h + 2*h**2. Let q = -5 - -20. Calculate the remainder when f(-7) is divided by q.
13
Let t = -99 - -93. What is the remainder when (-312)/(-10) + (-1)/5 is divided by t/(-51) + 2009/119?
14
Suppose s + 806 = 3*l, 0 = -4*l + 4*s + 144 + 928. Let v = l - 61. Calculate the remainder when v is divided by 15.
13
Let y(n) = n**2 - 7*n + 3. Let u be y(7). Suppose -d - c + u = 0, 4*d - 24 = 6*d - 4*c. Let j(g) = -g + 4. Calculate the remainder when j(d) is divided by 4.
2
Let v = 932 + -674. Calculate the remainder when v is divided by 30.
18
What is the remainder when 26*16/(-1 + 5) is divided by 36?
32
Let x(m) = m**2 - 8*m + 5. Let s be x(8). Suppose b - 10 = -s. Suppose -w - 2*g + 27 = 0, 2*w - b*g = 4*w - 52. Calculate the remainder when w is divided by 8.
7
Calculate the remainder when 89 is divided by 6 - -36*((-56)/(-12) + -4).
29
Suppose -13 = -5*b - 2*z, -3*b + 2*b - 5*z = -21. Calculate the remainder when (-7640)/(-48) + ((-10)/(-12) - b) is divided by 41.
36
Let m = -17 - -27. Let x = -5 + 9. Let c(t) = t**3 - 2*t**2 - 3*t - 1. What is the remainder when c(x) is divided by m?
9
Let c = -126 + 183. Let o = 13 + -11. Suppose -o*q = -h + 30, -5*h = -0*h + 2*q - 90. Calculate the remainder when c is divided by h.
17
Let d = 77 - 73. Suppose 0 = w + c - 5 - 4, w + 5*c = 17. Calculate the remainder when w is divided by d.
3
Let l be 3 + 2/(-6)*0. Suppose 1 = -3*b + k, l = -2*b + 3*k - 0*k. Suppose b = -3*u + 23 - 5. What is the remainder when 22 is divided by u?
4
Suppose 4*p = 7 + 1. Suppose -g + 174 = p*g. Calculate the remainder when g is divided by 15.
13
Suppose 0 = q + 3*k - 18, q + 5*k = 2*q - 10. What is the remainder when 89 is divided by q?
14
Suppose -112 = 119*r - 122*r + a, -3*r = -2*a - 107. Calculate the remainder when r is divided by 2 + ((-52)/(-2))/2.
9
Suppose 12*q - 262 + 70 = 0. Calculate the remainder when 71 is divided by q.
7
Suppose -n = -0*n - 12. Let d(o) = 5*o**2 + 2*o - 7. Calculate the remainder when d(-3) is divided by n.
8
Suppose 14*o - 129 = 263. Suppose 2*g + 93 = 4*h - 105, 4*g = 20. What is the remainder when h is divided by o?
24
Let j = -4711 + 4768. Calculate the remainder when j is divided by (-296)/(-10) + 4/10.
27
Suppose a - 3*n - 25 = -9, 0 = -2*a + 2*n + 48. What is the remainder when 195 is divided by a?
27
Suppose 479 = -6*f + 557. Calculate the remainder when (-224)/(-6) - (-2)/(-6) is divided by f.
11
Let a(n) = -n**2 + 51*n - 123. What is the remainder when a(48) is divided by 13?
8
Let q = -62 + 197. Let p = -90 + q. Calculate the remainder when p is divided by 20.
5
Let g be -3 + (0 - -10) - 1. Suppose -2*z + 2*s - g = -0*s, -3 = -3*z - 3*s. Let b(r) = -2*r**3 - 2*r**2 + 1. Calculate the remainder when b(z) is divided by 1.
0
Suppose -g = -5*p + 1, p + 7 = -0*p + 2*g. Let o(a) = -1 + 39*a + 23*a - 18*a + 3. Calculate the remainder when o(p) is divided by 24.
22
Let n(p) = -2*p**2 + 17*p + 4. Let u be n(8). Let k be 30/u*(1 - -37). Suppose -11 = -2*x + k. Calculate the remainder when x is divided by 28.
25
Suppose -2*l = -4*g - 98, -3*g - l = 33 + 48. Suppose -5*k + d - 120 = -0*k, 2*k + 61 = 3*d. What is the remainder when 102 is divided by (-3)/(-1 + k/g)?
24
Calculate the remainder when 81 is divided by -12*((-12)/48)/((-2)/(-12)).
9
Suppose 4*h = -3*s - 19 + 51, 0 = -2*h - 2*s + 18. What is the remainder when 16 is divided by 54/h + 17/85?
5
Let d = -152 - -149. What is the remainder when (-1)/((d/21)/(36/6)) is divided by 13?
3
Suppose 2*f - 155 = -5*h, 3*h + f - 6*f - 62 = 0. Calculate the remainder when h is divided by 5.
4
Suppose 37 + 67 = 8*j. Let r = -23 + 47. Calculate the remainder when r is divided by j.
11
Suppose -10*q = 269 - 709. What is the remainder when 124 is divided by q?
36
Suppose 3*y - 2*z = 109 + 52, -y = -2*z - 55. Suppose n - l = y, -n - 57 = -2*n - 3*l. Suppose -5*o = -17 - 38. Calculate the remainder when n is divided by o.
10
Let t = 76 + -64. What is the remainder when 263 is divided by t?
11
Let g(v) = -v + 8. Let b be g(7). What is the remainder when 9162/126 + 5/(-7) + b is divided by 19?
16
Let v = -28 + 63. Suppose 4*g - w - 79 = 0, -3*g - 3*w + 63 = -5*w. Calculate the remainder when v is divided by g.
16
Let o(p) = p**3 + p**2 + 3. Suppose 7*g - 22 = 6. What is the remainder when o(g) is divided by 30?
23
Let c(n) = n**3 + 4*n**2 - 3*n + 11. Let x(r) = 2*r**2 + 10*r - 10. Calculate the remainder when x(-6) is divided by c(-5).
0
Let z = 8 + -8. Let v(c) = 3 + z*c + 2*c + 1 + 3*c. What is the remainder when v(3) is divided by 11?
8
Calculate the remainder when ((-3)/4)/(1/(-2712)*6) is divided by 57.
54
Suppose 2*t = -4*t + 4*t. Suppose -n + 42 = m, t = 6*n - 2*n - 5*m - 168. What is the remainder when n is divided by 15?
12
Suppose 5*l + 75 = 2*z, -z + 2*l + 34 = 3*l. What is the remainder when 125 is divided by z?
20
Let p(x) = -5 + 2*x**2 - x + 3 - x + 5. Calculate the remainder when (11 - 1/(4/(-12))) + -3 is divided by p(2).
4
Let y(d) = d**2 + 20*d + 13. Let t be y(-20). Calculate the remainder when 33 is divided by (t - (-4 - 0))/1.
16
What is the remainder when 349 is divided by (-6)/(-66)*-2 + 580/44?
11
Let r(g) = -g**3 + 9*g**2 + 3*g + 1. Let a(z) = z**2 - 4*z - 3. Let s be a(6). What is the remainder when r(s) is divi